
-18010d
Convert -231104634 (base 7) to base 9.
-28535416
What is 102110200101 (base 3) in base 15?
46d57
340113 (base 11) to base 14
10167a
64762270 (base 8) to base 6
1213350012
3766195 (base 10) to base 11
2142664
-11230212 (base 5) to base 4
-120320230
What is 6327586 (base 10) in base 4?
120020310202
-7103302 (base 8) to base 9
-3458428
11774 (base 11) to base 16
4204
15087918 (base 10) to base 11
857585a
12111652 (base 7) to base 8
4072703
-ac26b (base 13) to base 14
-81bc5
What is -ab0a (base 16) in base 7?
-241441
Convert -2120220001 (base 3) to base 12.
-2559a
Convert -25251154 (base 7) to base 14.
-43559b
Convert -111312133 (base 4) to base 14.
-24891
-111002020 (base 3) to base 4
-2111001
-22121012021 (base 4) to base 6
-134220105
What is -c230d (base 14) in base 9?
-781638
-4a778 (base 13) to base 8
-414430
Convert -62098 (base 12) to base 8.
-371764
Convert -1030543154 (base 6) to base 5.
-10301243121
-106444a (base 11) to base 10
-1865269
-117573 (base 8) to base 9
-62003
What is -22a50 (base 15) in base 11?
-75986
What is 24d99 (base 15) in base 7?
1000332
What is -62c4 (base 16) in base 9?
-37613
Convert 10038a6 (base 11) to base 15.
251628
Convert -681db (base 14) to base 7.
-2102064
-1143104024 (base 5) to base 10
-2706764
2740062 (base 9) to base 14
2b17d3
-1300270 (base 8) to base 14
-955d6
1001001010101001 (base 2) to base 13
14121
Convert -1110111111001100000110 (base 2) to base 13.
-a77374
What is 440376 (base 10) in base 15?
8a736
Convert 1567821 (base 12) to base 16.
42a5d9
141aba (base 14) to base 3
1022101012222
Convert 884492 (base 11) to base 15.
1cd315
-40153530 (base 7) to base 9
-6226043
What is -34209 (base 14) in base 11?
-87154
What is 33b0230 (base 12) in base 5?
10020322433
What is -3044012303 (base 5) in base 3?
-102201210021002
Convert -17b59 (base 13) to base 6.
-552213
What is -10011100111100000011010 (base 2) in base 16?
-4e781a
What is 3158201 (base 10) in base 6?
151405145
Convert -8a4d44 (base 15) to base 5.
-3142111424
Convert 101110100010110111111110 (base 2) to base 11.
6984166
23734337 (base 8) to base 2
10011111011100011011111
What is 186c7 (base 13) in base 11?
32603
What is -1111111101000000 (base 2) in base 13?
-23986
What is 4632315 (base 7) in base 10?
579486
-3475386 (base 9) to base 12
-768250
-104331430 (base 6) to base 8
-7162712
ce79 (base 16) to base 5
3142412
Convert -3251424 (base 13) to base 12.
-5191b29
What is -1002212100222020 (base 3) in base 7?
-251623242
What is b54c0 (base 14) in base 12?
191054
Convert 1040021334 (base 5) to base 7.
25161414
40b87 (base 15) to base 12
9a83a
Convert -421f8 (base 16) to base 14.
-709ba
3084002 (base 9) to base 11
a27514
-259c7 (base 15) to base 7
-1010560
24411114 (base 5) to base 14
607bc
Convert 129151 (base 11) to base 4.
301123321
3ba1f (base 16) to base 11
157570
Convert 3572203 (base 8) to base 10.
980099
Convert -2100111 (base 3) to base 13.
-a1b
What is 34543005 (base 6) in base 12?
437a65
Convert 212100210202112 (base 3) to base 6.
1122042105
Convert -1146123 (base 12) to base 4.
-30230210223
-1001100011010000100 (base 2) to base 15
-62ae4
What is 354ba (base 13) in base 14?
27761
-270f4 (base 16) to base 13
-57a8a
What is 100011111011010101110 (base 2) in base 4?
10133122232
What is -9530153 (base 10) in base 5?
-4414431103
1122001010 (base 3) to base 7
162414
48ba7 (base 12) to base 3
12000002101
111011010011100011 (base 2) to base 5
30233130
Convert 100202120300 (base 4) to base 14.
80bc1a
What is 10340312 (base 6) in base 4?
1023111110
Convert -57307 (base 11) to base 4.
-110033030
198c7 (base 13) to base 10
49849
Convert 12b330 (base 13) to base 10.
453128
What is 229771 (base 16) in base 8?
10513561
Convert -211000200000022 (base 3) to base 10.
-11704832
Convert 4091d (base 14) to base 12.
75b67
Convert 585cc (base 14) to base 7.
1554245
What is 1df70c (base 16) in base 13?
539b08
What is 4314161 (base 7) in base 6?
15130002
Convert 5771 (base 12) to base 10.
9733
-44a841 (base 11) to base 8
-2570443
Convert 431468 (base 9) to base 2.
111110101111100010
What is 539268 (base 12) in base 8?
5026460
What is -52126 (base 12) in base 6?
-2144450
What is 3be22 (base 15) in base 10?
192182
Convert 2249a8 (base 11) to base 2.
1010111011000011011
11121222112 (base 3) to base 8
261750
What is -2df17 (base 16) in base 6?
-4011115
What is 1a5da0 (base 15) in base 10?
1285575
What is 432044 (base 9) in base 15?
513d7
353411 (base 6) to base 16
778f
What is 15433513 (base 8) in base 2?
1101100011011101001011
-33000311 (base 6) to base 5
-222324031
5b3e6 (base 15) to base 8
1070505
What is -169f25 (base 16) in base 3?
-2210022122122
301302330 (base 4) to base 15
40679
Convert -2342344 (base 5) to base 6.
-533134
What is 4217043 (base 8) in base 9?
2088764
What is 18cd9 (base 16) in base 4?
120303121
Convert 456937 (base 11) to base 9.
1326538
3226204 (base 7) to base 13
10a170
Convert 2488477 (base 10) to base 11.
144a6a2
Convert 122022101 (base 6) to base 15.
312191
-244307 (base 8) to base 3
-11021110022
What is -312a49 (base 16) in base 8?
-14225111
Convert -11641853 (base 9) to base 13.
-1245a47
What is -6467508 (base 9) in base 11?
-1a5a945
Convert -a272a7 (base 12) to base 9.
-4704341
Convert 4922a6 (base 12) to base 14.
22c218
-553571 (base 8) to base 14
-4bc25
Convert 72545 (base 15) to base 3.
200102000002
Convert -1007a02 (base 12) to base 10.
-2999522
What is -11000100110010001111 (base 2) in base 7?
-6564642
Convert -1100000011010111011 (base 2) to base 12.
-170677
What is -3004717 (base 9) in base 10?
-1597822
Convert -258a98 (base 13) to base 12.
-377726
Convert 344043020 (base 5) to base 6.
53114452
31bb4 (base 14) to base 7
1010514
Convert 6776664 (base 8) to base 14.
35a740
518a2 (base 11) to base 16
12760
117055 (base 8) to base 9
61482
What is -12103434 (base 5) in base 4?
-123211202
Convert 173518 (base 9) to base 16.
1a441
Convert -159cca (base 13) to base 8.
-2027001
What is 1334064 (base 7) in base 16?
2b233
Convert 1000011211122121 (base 3) to base 12.
4a06a74
ae518 (base 15) to base 3
1001011211112
What is 210442 (base 5) in base 6?
52221
Convert 345cb2 (base 13) to base 9.
2301641
-1101010001111100100101 (base 2) to base 12
-11ba831
What is -18921 (base 10) in base 7?
-106110
-3e2d36 (base 15) to base 13
-80bc4a
28235 (base 10) to base 3
1102201202
What is 26866 (base 16) in base 5?
20022143
What is 1144221411 (base 5) in base 11?
15a249a
434604 (base 7) to base 13
2883c
Convert 3051433 (base 9) to base 12.
666303
What is -50d173 (base 14) in base 8?
-12312341
Convert -ab5041 (base 14) to base 10.
-5814593
Convert -15a53 (base 13) to base 3.
-2002122210
471cd (base 15) to base 10
226543
Convert -13330000313 (base 4) to base 2.
-111111100000000110111
-173485 (base 12) to base 2
-1100001100111100101
3471107 (base 9) to base 11
1072463
Convert -15076 (base 8) to base 11.
-5058
1020458 (base 12) to base 7
34511165
Convert -48a192 (base 14) to base 15.
-341a93
What is 1610414 (base 7) in base 3?
102020021212
Convert 11130230300 (base 4) to base 16.
15cb30
1352324014 (base 6) to base 14
22d0b34
-4755860 (base 9) to base 6
-131115043
Convert 1112212202 (base 3) to base 12.
15802
What is 210202121202 (base 3) in base 12?
187a9b
What is -59482 (base 11) in base 8?
-247376
Convert -101111000110110101 (base 2) to base 10.
-192949
What is -1751 (base 13) in base 15?
-104b
What is 61524 (base 8) in base 6?
313420
Convert -2bb489 (base 14) to base 15.
-2031e3
What is 1101122130 (base 4) in base 8?
1213234
Convert -21884538 (base 9) to base 2.
-101000100010001001001111
7a35a6 (base 13) to base 16
2c21c9
What is 4302523 (base 7) in base 2?
1111111011011101101
301001100 (base 4) to base 12
98240
What is 110872 (base 9) in base 3?
10100222102
What is -23d057 (base 14) in base 4?
-10223132111
-1c150 (base 15) to base 5
-10411200
21210202011222 (base 3) to base 11
2383620
611044 (base 16) to base 2
11000010001000001000100
20644 (base 12) to base 8
122624
What is 721aaa (base 11) in base 9?
2156231
What is 1f8ed3 (base 16) in base 14?
3bb9d1
10000011000100001 (base 2) to base 7
366433
Convert 220121210211 (base 3) to base 10.
484645
664ac (base 13) to base 10
185366
-61d77 (base 14) to base 13
-834a8
What is 25514 (base 16) in base